ppose -f = 2*f. Suppose 2*r + 2*r - 8 = f. Suppose 0 = 2*o + 2*s - 26, 5*o + r*s - 59 = -s. What is the units digit of o?
0
Let w(b) = b**2 - 2. Let r be w(2). Let n be ((-3)/6)/(r/(-8)). Suppose 3*j + 5*f = 6, -j + 2 = n*f - 0. What is the units digit of j?
2
Suppose h + 3*v + 3 = -3, 5*h = -5*v - 10. Suppose 5*k + 4*q - 34 = 0, h = 5*k + 2*q - 0*q - 42. What is the units digit of k?
0
Let d = 81 + -27. What is the units digit of d?
4
Let v = -24 + 35. Suppose -4*s + 7 = d - 7, -d - 3*s = -v. Let h = 4 - d. What is the units digit of h?
2
Let r(s) = 49*s - 6. What is the tens digit of r(4)?
9
Let r(t) = t**3 + 7*t**2 - t - 3. Let w be r(-5). Let j = w + -19. Suppose -2*s + 15 = 5*g - 12, -3*s = 5*g - j. What is the units digit of s?
6
Suppose -2*y = -4*m - 174, -421 = -5*y - m + 3. Let x = 119 - y. Suppose 4 = -5*h + x. What is the units digit of h?
6
What is the units digit of (2 - (0 - -3))*-19?
9
Let z(n) = 4*n - 13. What is the tens digit of z(8)?
1
Suppose -151*p = -148*p - 27. What is the units digit of p?
9
Suppose 0 = -9*c + 387 + 1125. What is the tens digit of c?
6
Let x = 71 + -52. What is the units digit of x?
9
Let q(l) = 4*l - 1. Suppose 0 = 3*b - 5*b + s + 71, 4*b = s + 145. Suppose z - 5 = 0, 2*h + 5*z - b = -2*h. What is the tens digit of q(h)?
1
Let s = 34 + -24. Let n be (s/(-6))/((-5)/15). Suppose -n*v + 31 = -14. What is the units digit of v?
9
Let g(t) be the first derivative of t**4/4 - 3*t**3 + 9*t**2/2 + 11*t + 2. What is the tens digit of g(8)?
1
Let h(w) = w**3 + w**2 + w + 15. Let g(y) = -y**3 - 3*y**2 - 2*y. Let j be g(-2). What is the tens digit of h(j)?
1
Let z be (2/5)/(2/(-10)). Let f be ((-8)/(-6))/(z/(-3)). What is the units digit of f*(-1)/2 - -5?
4
Let x be 0 - 1/(3/9). Let g(h) = 2*h**2 + h - 2. What is the units digit of g(x)?
3
Let i(z) = 3*z**3 - 1 - z - 3*z**2 - 2*z**3 - z**2 + 0*z**3. Let t be i(2). Let n(d) = d**2 + 11*d + 15. What is the units digit of n(t)?
5
Let v = 14 - 10. Let s be ((-9)/(-6))/(3/v). Suppose 3*l - b = l + 3, s*l + 4*b = 18. What is the units digit of l?
3
Let y be (1/(-2))/((-2)/(-4)). What is the tens digit of 1 + (-13)/y - 2?
1
Suppose 5*j = j - 4. What is the units digit of (4 + j)*(-23)/(-3)?
3
Let p(n) = -n**3 - 3*n**2 - n. Let d be p(-3). Suppose d*z - 6 = -0. What is the units digit of z?
2
Let d(k) be the second derivative of 5*k**3/6 - 13*k**2/2 - 3*k. What is the tens digit of d(6)?
1
Let f = 19 - 6. What is the units digit of f?
3
Suppose q - 3 = -0*q. What is the units digit of (-8 - 1)*(-2)/q?
6
Suppose 5*d = 221 + 14. What is the units digit of d?
7
Let j = -4 + 28. Let s = j + -5. What is the units digit of s?
9
Let w = 410 + -202. Suppose 4*z + 0*z - 4*r = 160, 5*z - 3*r = w. What is the tens digit of z?
4
Suppose 2*w - 3*j + 5*j + 4 = 0, w + 4*j = -11. What is the units digit of w/(3/(-27)*-1)?
9
Let j be -2 + 0*(2 - 1). Let x be 1 - j/6*0. Let f = 8 - x. What is the units digit of f?
7
Let v = 4 - 4. Suppose 3*i + a + v*a - 3 = 0, -2 = -2*i + 5*a. Suppose -i - 5 = -3*u. What is the units digit of u?
2
Suppose 420 = -0*d + 4*d. Suppose -8*w - d = -11*w. What is the tens digit of w?
3
Suppose -20 = -5*a, 3*o - 4*o = 2*a - 12. What is the tens digit of (60/o)/(6/4)?
1
Suppose -4*i - 12 = -4*c, 5*i - 4*i + 3*c - 13 = 0. Let q(j) = 8*j + 1. What is the units digit of q(i)?
9
Let u(y) = -3*y - 3. Let v be u(-6). Suppose -i + v = 4*s, 2*i = -s - 2*i. What is the units digit of s?
4
Let f be (-1 - 1)*(-12)/3. Suppose -f - 4 = -4*o. Suppose 4*z + 2 = o*z, 5*z - 58 = -4*k. What is the units digit of k?
7
Let i = -274 + 471. Suppose 0 = -4*m - b + 160, 0*m + 2*b = -5*m + i. What is the tens digit of m?
4
Let p(t) = t**2 + 4*t - 3. Let h be p(-5). Suppose -b - h*b = -33. What is the tens digit of b?
1
Let s be -5*(-1 - (-9)/15). Suppose -12 = -3*c + s*c. What is the tens digit of c?
1
Let v = 31 + -54. Let r = -14 - v. What is the units digit of r?
9
What is the hundreds digit of ((117/(-2))/(-9))/(3/102)?
2
Let k(v) = -5*v + 1. Let b be 15/6*12/(-10). What is the tens digit of k(b)?
1
Suppose -2*p - 2*v + 4 = p, -p + 5*v - 10 = 0. Let z be -8 + (p - 1) + 2. What is the units digit of 20*(z/(-2) - 3)?
0
Let d = -2 - -4. Suppose -3*v + 8*v - t = 90, d*t = 2*v - 44. What is the units digit of v?
7
Let p be 0 - (-1 - -1) - -2. Let u(b) = 2*b - 28. Let x be u(15). Suppose 0 = -5*y, p*y = x*w - 7 - 7. What is the units digit of w?
7
Let j(q) = q**3 - 3*q**2 + 2*q + 6. Let l be j(5). Suppose f - l = -f. What is the units digit of f?
3
Suppose 19 = -3*x - 5*z, x - 3*z - 3 + 0 = 0. Let b = x + 4. Let p = 0 + b. What is the units digit of p?
1
Suppose 5*h - 2*o - 54 = 6, 3*h = -4*o + 36. What is the units digit of h?
2
Let l = -21 + 23. Suppose 11 - l = s. What is the units digit of s?
9
Let b(h) = -h**3 - 5*h**2 - h - 4. Suppose z = -3*z - 20. What is the units digit of b(z)?
1
Let f(d) = -d + 9. Let o(i) = i - 2. Let k be o(6). Let h be f(k). Suppose -h*b = -3*c + 54, -5*b = 2*c - 23 - 13. What is the units digit of c?
8
Suppose -22 = 4*w - 42. What is the units digit of w?
5
Suppose a - 101 = -3*t, -4*t + 134 = -0*t + 2*a. What is the units digit of t?
4
Suppose -2*b + 3*u = 0, 2*u + 3*u = 2*b - 8. What is the units digit of (4 - 0)*b/(-12)?
2
Let w(a) = -a + 10. Let d be w(8). What is the units digit of (-3 + d)/(-3)*12?
4
What is the tens digit of ((-29)/3)/((-1)/3)?
2
Let o(n) = n**2 - 3*n + 2. Let v be o(4). Let z = -4 + v. Suppose z*a = 2*q + 44, 2*a + q = a + 14. What is the units digit of a?
8
Let j(r) = 7*r**2 - 1. Let d(m) = 22*m**2 - 3. Let u(w) = 4*d(w) - 11*j(w). What is the tens digit of u(-1)?
1
Suppose 3*b = 2*b + 53. What is the units digit of b?
3
Let p(d) = -d**3 - 3*d**2 + d - 5. Suppose 9*s - 11*s = 8. What is the units digit of p(s)?
7
Suppose 4*y - 1 = -3*z - 18, -3*y = 2*z + 12. Let k be ((-3)/6)/(y/(-24)). Let u = 5 - k. What is the tens digit of u?
1
Let u be 425/(-10)*4/(-5). What is the tens digit of u*(5/(-2))/(-5)?
1
Let j = -1 - -4. Suppose j = -5*q + 8. What is the units digit of q?
1
Suppose -5*a - 3*p = -0*p - 119, -5*a + 3*p = -131. What is the tens digit of a?
2
Suppose -5*a + 153 = -4*p, 2*a - 156 = -3*a + 3*p. What is the tens digit of a?
3
Let y = -2 + 3. Suppose -c = y + 1. What is the units digit of c/4 - (-3)/2?
1
Let g be 0/(0 - (1 - 3)). Suppose -3*a + u = 3*u - 109, g = 2*a - u - 61. What is the units digit of a?
3
Let r(n) = 9*n**2 + 11*n - 8. Let q(f) = 5*f**2 + 5*f - 4. Let a(u) = -11*q(u) + 6*r(u). What is the tens digit of a(5)?
2
Let v = 27 - -10. What is the tens digit of v?
3
Let b = 45 + 5. What is the units digit of b?
0
Suppose -4 - 8 = 2*g. What is the tens digit of -64*(15/g + 2)?
3
Suppose -5*t + 125 = 5*h, -t - 3*h = h - 34. What is the tens digit of t?
2
Suppose -4*x = -4*t - 80, -4*x = -3*t - 102 + 27. Let p = 36 - x. What is the units digit of p?
1
Let q be 2/(-5) + (-324)/(-60). Let b(v) = -v**3 + 8*v**2 - 7*v + 6. What is the units digit of b(q)?
6
Let i(l) = 8*l + 16. What is the tens digit of i(5)?
5
Suppose 0 = 4*p - 5*z - 71, z - 128 + 51 = -3*p. Suppose -p = 6*i - 2*i. What is the tens digit of -3*i/(-9) + 13?
1
Let p = 8 + -6. Suppose -p - 38 = 5*l. Let k = -2 - l. What is the units digit of k?
6
Suppose -4*q + p + 111 = 0, 2*q = -q - 2*p + 75. What is the units digit of q?
7
Suppose -4*k = -4*f - 10 + 74, 0 = 5*f - k - 64. What is the units digit of (-5 + -1)/(f/(-8))?
4
What is the tens digit of (-6)/(-14) - 274/(-14)?
2
Suppose -5*k + 3*k = 0. Suppose k = -0*t - t + 2. Suppose 0 = t*o + 1 - 3. What is the units digit of o?
1
Suppose 2*s - 298 = -5*m + 2*m, 2*s + 314 = 3*m. What is the hundreds digit of m?
1
Let v = -118 - -225. What is the units digit of v?
7
Suppose 2*o - 6 = -0*o. Let l be o - 4 - 5*1. What is the units digit of 3*(-2 - 20/l)?
4
Let s = -3 + 5. Suppose k + 3 = 0, 3*k - s = h + 7. Let j = -10 - h. What is the units digit of j?
8
Suppose -p + 1 = -2*s - s, s - 1 = 0. Suppose 0 = -4*z + 5*z - p. What is the units digit of z?
4
Suppose 0 = -2*x - 4. Let b be x/7 + 99/(-21). What is the units digit of (-2)/b - (-69)/15?
5
Let u(i) be the first derivative of i**3 + i**2/2 + 3. What is the units digit of u(1)?
4
Suppose -w + 4*w = 528. Suppose -4*o + 302 = -3*a + 5*a, 0 = 2*o - 4*a - w. Wh